et f = 143287 + 83982. Is f prime?
False
Suppose -4*s - 20*s + 293448 = 0. Let k = -1048 + s. Is k a prime number?
False
Let c = 11355 - 4576. Is c prime?
True
Suppose -164632 = -17*w + 1255735. Is w composite?
True
Suppose -2*y - 172*r + 474772 = -175*r, -2*y + 474776 = -r. Is y prime?
False
Suppose 0*p + p + 3*c = 0, -5*p - 4*c + 11 = 0. Suppose 0 = -10*o + 6*o + 4, 1175 = p*u + 2*o. Is u a composite number?
True
Let m be (0 - 0/(-4))/(-1). Suppose -a + 17*a - 33296 = m. Is a a composite number?
False
Suppose -36 = -3*y - t - 2*t, -2*y - t + 20 = 0. Let h be (-4)/(-3)*(-1 - (-1340)/y). Suppose -4*m + h = v + 11, -3*v + 633 = 2*m. Is v prime?
True
Let f(c) = -c**3 + 5*c**2 - 2*c - 10. Let n be f(3). Let v = -8 + 8. Suppose w + 2 = v, -61 = -5*y - n*w + 350. Is y a composite number?
False
Let g(c) = 112*c**3 + 7*c**2 - 17*c - 11. Let s(n) = 561*n**3 + 38*n**2 - 85*n - 56. Let y(l) = -11*g(l) + 2*s(l). Is y(-5) a composite number?
False
Let a = -286 + 301. Is 5/a - 11720/(-3) prime?
True
Let j(u) = -u**3 + 4*u**2 - 9*u + 36. Let h be j(4). Suppose -25*p + 32284 + 72741 = h. Is p prime?
True
Suppose -33*w + 28*w = -4*u - 82993, w + 5*u = 16587. Is w a prime number?
False
Let n(i) = 581*i - 26. Let b be n(7). Suppose 12*h = 15*h - b. Suppose 2*x - 859 = h. Is x a prime number?
True
Suppose -18 = -5*f - 3. Suppose u = -t + f, -21 = 5*u - 2*u - 3*t. Let s(g) = 272*g**2 - 6*g - 3. Is s(u) a composite number?
False
Suppose 182508548 + 89505871 = 242*u - 29*u. Is u prime?
True
Let s(x) = x**3 + 192*x**2 + 11*x - 107. Is s(-54) prime?
True
Let k(x) = 6*x**2 + x. Let g be k(-1). Suppose 0 = -2*y - g*t + 62943, 4*t + 3 - 7 = 0. Is y prime?
True
Let f(d) = 1216*d**2 + 88*d + 1903. Is f(-21) a composite number?
False
Suppose 3*i - 2*q + 17 = 0, i - 1 = -4*q - 16. Is ((1 + 1)*-6941)/(5 + i) composite?
True
Let z = 2271 + -1239. Let j be (-1)/(-1*(-3)/933). Let x = z - j. Is x a prime number?
False
Is (-411689)/(-9) - (728/117)/28 prime?
False
Let y(j) = -12*j - 4. Let a be y(-1). Suppose 16777 - 58145 = -a*m. Is m a composite number?
False
Suppose -19951722 = -35*o - 2333177. Is o composite?
True
Suppose 6*z + 7 - 31 = 0. Suppose -m - 475 = z*m. Let d = m + 222. Is d prime?
True
Let x(g) = -575*g + 58. Let y(o) = -o**3 - 15*o**2 - 27*o - 16. Let u be y(-13). Is x(u) a prime number?
True
Let m(u) = -35*u**2 + 11*u - 143. Let w(d) = 70*d**2 - 21*d + 289. Let q(s) = 5*m(s) + 3*w(s). Is q(13) composite?
True
Let u(w) = -3*w + 2 - 1 + 25*w**2 + 0 - 9*w. Is u(12) a composite number?
False
Let o = -98 + -173. Let q = -57 - -81. Let v = q - o. Is v composite?
True
Suppose 10*k - 30*k - 4*k = 37488. Let v = 4939 - 2606. Let w = k + v. Is w a composite number?
True
Let v(f) = -7693*f + 3677*f + 2311*f - 166. Is v(-15) prime?
True
Let m = 247729 + -143622. Is m a composite number?
False
Let d = -31 + -104. Is 12114/8 + d/108 composite?
True
Suppose 3*p - 1367072 = 2*v + 261053, v - 2713572 = -5*p. Is p prime?
True
Suppose 8*b - b = 525. Suppose -5*r = b - 710. Suppose -268 - r = -5*u. Is u prime?
True
Let i be 2/(4/2) + (-2 - -47). Let q = i - 51. Is (q/(-15))/(1/177) composite?
False
Let b = 24745 - 12450. Is b prime?
False
Let o(z) = 117*z - 6. Suppose 0 = 4*d - 53 + 13. Let y be o(d). Let h = 1897 - y. Is h a composite number?
False
Is (1375870 - 102)*(-2)/(-16) a prime number?
False
Suppose 137122 - 1561332 = -10*u. Is u a prime number?
True
Suppose 22*l + 5*x = 24*l - 15, -3*l - 4*x = -11. Suppose -p + 5*p - 5*n = 283, -4*p - l*n = -253. Is p composite?
False
Suppose 4*u - 3 = 3*u. Suppose -2*j = -u*j + 31090. Suppose 0 = -15*h + 5*h + j. Is h a composite number?
False
Suppose -4*x = -33*u + 27*u - 20245604, 20245596 = 4*x - 4*u. Is x a prime number?
False
Suppose 0*s = s - 4. Suppose -4 = 4*z + 12, 0 = 5*h - s*z - 26. Suppose 62 = g - k, g + 57 = h*g - 2*k. Is g a prime number?
True
Is (0 - 368399/(-4))/((-61)/(-244)) a prime number?
True
Suppose 4*l + 20 = 0, -3*z + 78*l + 321184 = 79*l. Is z prime?
False
Suppose -3*t = -11*t + 528. Let j = t + -24. Is 8/(-14) - (-49626)/j composite?
False
Suppose 395*k + 93103 = 400*k - 4*t, -5*t = -2*k + 37231. Is k a prime number?
False
Let d be ((-2)/(-4))/((-11)/77726). Let s be -4 - d/3*-3. Let q = -2482 - s. Is q prime?
False
Let z(i) = -58*i**3 - i**2 + 5*i + 5. Let w be z(-4). Let c = -1630 + w. Is c a prime number?
False
Is -101*6/30*-815 a prime number?
False
Let h = 74 - 74. Suppose 11*i + 3751 + 5225 = h. Let f = i - -1687. Is f a composite number?
True
Let i = 30108 - 16465. Is i composite?
True
Let x be 15/(-6)*2*(12912/(-30) - 11). Suppose 2*j - 3048 = -0*j. Let l = x - j. Is l composite?
False
Let r(p) = p**3 - p + 42. Let y be r(0). Let c = -39 + y. Is 877/c - (-2 - 12/(-9)) prime?
True
Let d = 218353 - 147662. Is d composite?
True
Suppose -2*u + 1533 = 5*u. Suppose 3*x = 51 + u. Let s = x + -53. Is s composite?
False
Let a(k) = -k**2 - k + 1. Let i(b) = b**3 + 3*b**2 + 4*b - 2. Let v(z) = 5*a(z) - i(z). Suppose 578 = 9*u + 650. Is v(u) prime?
True
Is 37/((-259)/42) + 53555 a prime number?
True
Suppose 6*p = -0*p + 12. Suppose -4 = -w, p*r = -2*r - w + 16. Suppose -3*m = -r*t - 12268 + 1699, -5*m = 4*t - 17597. Is m a prime number?
False
Let f(c) be the third derivative of 25*c**4/12 - 13*c**3/6 - c**2. Let v be ((-10)/(-12))/(19/114) + 1. Is f(v) a prime number?
False
Suppose 6*s = 3*s + 6. Is (-3480334)/(-338) - s/(-39)*3 a prime number?
False
Let f = -85 + 88. Suppose v + 4866 = 3*b, -f*v + 5 = -4. Is b a prime number?
False
Suppose 0 = 563*d - 584*d + 12290649. Is d a composite number?
False
Let j(y) = y**3 + 9*y**2 - 5*y - 18. Let i be j(-9). Suppose -19 = -28*k + i*k. Is k*(-4)/(4/(-3)) a composite number?
True
Let a(i) = 4*i**3 - 15*i**2 - 4*i + 4. Let t be a(4). Is -4 + (-133)/(-28) - (-12649)/t a prime number?
True
Let u(l) = -138*l**3 + 6*l**2 + 3*l - 6. Let q be u(-3). Suppose q = 83*m - 78*m. Is m composite?
True
Is (1667590/111)/((-2)/(-3)) a composite number?
True
Let n(y) = y**3 - 31*y**2 - 137*y - 90. Let b be n(35). Let j(c) be the third derivative of 5*c**4/4 - 13*c**3/6 + 2*c**2. Is j(b) a prime number?
False
Let r(x) = 24*x**2 + 38*x + 1. Let f = 207 + -198. Is r(f) prime?
True
Let f(b) = -92*b + 5. Suppose -5*m - 1 + 185 = d, 3*m - 3*d = 96. Let u = -51 + m. Is f(u) composite?
True
Is -11 + ((-1826240)/(-16) - -14) composite?
False
Suppose -389255 = -1533*s + 1528*s. Is s a prime number?
False
Let f(m) = 4*m**3 + m**2 + m - 25. Let p be f(-7). Let y = 2494 + p. Is y prime?
False
Let f(n) = -3529*n**3 + 6*n**2 + 19*n + 31. Is f(-3) composite?
False
Let q = 22761 + -13036. Suppose 0 = 3*w + 3, -q = -4*s + 2*s + 3*w. Is s prime?
True
Is 154934 + (-6 - -1) + -14 a composite number?
True
Let q = 57 + -53. Suppose 0 = z + 3*s - 3596, q*z - 5*s + 3*s - 14342 = 0. Is z a composite number?
True
Let u be 198 - (14 - 2)/4. Suppose -2*q + 3*v - 157 = -6*q, -77 = -2*q - 3*v. Let x = u + q. Is x prime?
False
Let l(p) be the first derivative of -6*p**2 + 10*p - 10. Let n be l(-4). Let v = n + -39. Is v prime?
True
Let b(w) = -2049*w + 58. Let q be b(-5). Let k = 11442 + q. Is k composite?
True
Let o = -3 - -4. Let k = -2322 - -2314. Is o/k + 157369/136 composite?
True
Suppose 2*c + 3*v = 41227, -16*c + 2*v - 82442 = -20*c. Is c composite?
True
Let c be (4 - (-2 - (-65)/10))*0. Suppose 0 = -n - 2*j + 3353, -5*n + 3*j - 5*j + 16749 = c. Is n composite?
True
Let k(i) be the third derivative of -13*i**4/4 - 47*i**3/6 - 16*i**2 + 2. Is k(-15) composite?
False
Let w(n) = 635*n - 1. Let v be w(12). Let t = v - 4955. Suppose -1088 - t = -8*o. Is o composite?
True
Let t be (-42324)/(-18) + (-8)/6. Let j = t - 487. Suppose -j = -2*s - p - 54, 0 = 2*s + 2*p - 1804. Is s composite?
False
Let a be ((-396)/(-165))/(1/3535). Suppose -5*v + 26300 = -i, -2*i = -v - 3233 + a. Is v composite?
False
Suppose 2*n + 3*x = 1567783 - 519599, -n = -x - 524077. Is n prime?
False
Let g(y) = -727*y + 3891*y + 2171*y + 4189*y - 13. Is g(1) composite?
False
Let c be (414/(-12) - -3)/((-2)/1008). Let w be c/(-16) + (-6)/8. Is w/((45/25)/(-3)) a composite number?
True
Let h = -31 + 41. Suppose 45 = h*b - 9*b. Suppose 4*v - y - 232 = 4*y, v + 2*y - b = 0. Is v a prime number?
True
Suppose 6*l - 10 = 8*l. Let s be 3/l - 60/25. Is s/1